n divisor of 38 and 437.
19
What is the greatest common factor of 674 and 34?
2
What is the highest common factor of 176 and 31328?
176
Calculate the greatest common factor of 147 and 63.
21
What is the highest common divisor of 432 and 96?
48
Calculate the highest common factor of 740 and 222.
74
Calculate the greatest common divisor of 154 and 3269.
7
What is the highest common divisor of 49 and 98?
49
What is the greatest common divisor of 1024 and 4?
4
What is the highest common divisor of 3479 and 71?
71
Calculate the highest common divisor of 40 and 50.
10
Calculate the highest common divisor of 126 and 666.
18
Calculate the greatest common factor of 148 and 3811.
37
What is the greatest common factor of 1840 and 575?
115
Calculate the highest common factor of 8 and 2078.
2
What is the highest common factor of 207 and 2139?
69
What is the greatest common factor of 38 and 2?
2
Calculate the highest common divisor of 76 and 209.
19
What is the greatest common divisor of 31 and 2077?
31
What is the highest common factor of 230 and 330?
10
Calculate the highest common factor of 10 and 185.
5
What is the greatest common divisor of 41600 and 52?
52
Calculate the highest common divisor of 8 and 1760.
8
Calculate the highest common divisor of 261 and 2523.
87
Calculate the highest common divisor of 91 and 329.
7
Calculate the greatest common divisor of 2059 and 174.
29
What is the greatest common divisor of 36 and 6516?
36
Calculate the greatest common factor of 186 and 48.
6
Calculate the greatest common factor of 835 and 3006.
167
Calculate the highest common divisor of 232 and 8.
8
What is the greatest common divisor of 400 and 380?
20
What is the highest common divisor of 54 and 2286?
18
Calculate the greatest common factor of 3638 and 34.
34
What is the highest common divisor of 1764 and 98?
98
Calculate the highest common factor of 1064 and 16.
8
Calculate the greatest common factor of 1092 and 210.
42
Calculate the greatest common factor of 84 and 231.
21
Calculate the greatest common divisor of 44 and 15092.
44
Calculate the greatest common factor of 108 and 891.
27
Calculate the greatest common factor of 24004 and 68.
68
What is the highest common divisor of 1690 and 390?
130
What is the highest common factor of 539 and 7?
7
Calculate the highest common divisor of 481 and 39.
13
What is the greatest common factor of 58703 and 94?
47
Calculate the greatest common factor of 24 and 584.
8
What is the greatest common divisor of 28 and 49?
7
What is the highest common factor of 51 and 119?
17
Calculate the greatest common divisor of 418 and 110.
22
Calculate the greatest common divisor of 1540 and 2090.
110
Calculate the highest common divisor of 3060 and 90.
90
What is the highest common divisor of 11 and 77?
11
What is the highest common factor of 1411 and 83?
83
What is the greatest common factor of 494 and 38?
38
What is the greatest common factor of 306 and 170?
34
Calculate the highest common factor of 944 and 59.
59
Calculate the highest common factor of 964 and 2.
2
Calculate the greatest common divisor of 138 and 2139.
69
Calculate the greatest common divisor of 243 and 270.
27
Calculate the greatest common factor of 32 and 18.
2
Calculate the greatest common divisor of 5246 and 488.
122
Calculate the greatest common divisor of 301 and 1260.
7
Calculate the greatest common factor of 22784 and 89.
89
Calculate the highest common factor of 338 and 26.
26
What is the highest common factor of 40 and 3656?
8
What is the highest common factor of 14 and 98?
14
Calculate the greatest common divisor of 20 and 3370.
10
Calculate the highest common divisor of 12 and 372.
12
What is the highest common divisor of 190 and 310?
10
Calculate the greatest common divisor of 234 and 54.
18
Calculate the highest common divisor of 365 and 584.
73
Calculate the highest common factor of 3430 and 10.
10
Calculate the highest common divisor of 455 and 7.
7
Calculate the highest common divisor of 32 and 800.
32
What is the greatest common factor of 3381 and 46?
23
What is the highest common factor of 28 and 12?
4
What is the greatest common divisor of 39704 and 28?
28
Calculate the highest common divisor of 150 and 60.
30
What is the highest common divisor of 304 and 19?
19
What is the greatest common divisor of 46 and 92?
46
What is the highest common divisor of 13 and 325?
13
Calculate the highest common factor of 380 and 5035.
95
Calculate the greatest common factor of 5 and 2360.
5
Calculate the highest common divisor of 2208 and 3450.
138
What is the greatest common divisor of 150 and 10830?
30
What is the highest common factor of 4 and 50?
2
What is the highest common factor of 570 and 3230?
190
What is the highest common divisor of 208 and 6032?
208
What is the highest common divisor of 750 and 7750?
250
Calculate the greatest common divisor of 690 and 4370.
230
What is the highest common divisor of 234 and 5031?
117
What is the highest common factor of 9350 and 220?
110
Calculate the highest common factor of 3082 and 67.
67
What is the greatest common divisor of 4453 and 803?
73
Calculate the greatest common divisor of 1035 and 45.
45
What is the highest common factor of 240 and 996?
12
Calculate the greatest common factor of 80 and 2928.
16
Calculate the greatest common factor of 132 and 440.
44
Calculate the highest common factor of 336 and 3888.
48
What is the highest common factor of 52 and 962?
26
What is the highest common divisor of 321 and 6?
3
Calculate the greatest common factor of 22 and 1243.
11
What is the greatest common factor of 58 and 667?
29
Calculate the highest common factor of 405 and 81.
81
What is the highest common factor of 16 and 400?
16
What is the highest common factor of 203 and 87?
29
What is the greatest common factor of 56 and 8?
8
What is the greatest common divisor of 10 and 65?
5
What is the greatest common divisor of 103 and 6592?
103
What is the greatest common factor of 55 and 319?
11
What is the highest common divisor of 15 and 515?
5
What is the highest common factor of 9701 and 109?
109
What is the highest common factor of 84 and 224?
28
Calculate the greatest common factor of 504 and 171.
9
What is the highest common divisor of 45 and 909?
9
What is the greatest common divisor of 107 and 7?
1
Calculate the highest common divisor of 2336 and 64.
32
What is the greatest common divisor of 671 and 55?
11
What is the greatest common factor of 1258 and 518?
74
What is the greatest common divisor of 40 and 130?
10
Calculate the highest common divisor of 624 and 84.
12
Calculate the greatest common divisor of 6333 and 3.
3
What is the highest common factor of 752 and 512?
16
What is the greatest common factor of 200 and 8450?
50
Calculate the greatest common divisor of 1180 and 10.
10
Calculate the greatest common factor of 260 and 60.
20
Calculate the greatest common divisor of 136 and 1156.
68
Calculate the greatest common divisor of 119 and 1057.
7
Calculate the highest common factor of 546 and 126.
42
Calculate the highest common factor of 66 and 286.
22
Calculate the greatest common factor of 98 and 2506.
14
Calculate the greatest common factor of 15554 and 308.
154
What is the highest common divisor of 140 and 12?
4
Calculate the greatest common factor of 1674 and 270.
54
What is the greatest common divisor of 8 and 18?
2
Calculate the greatest common divisor of 160 and 272.
16
What is the greatest common divisor of 88 and 6352?
8
What is the greatest common factor of 40 and 1240?
40
Calculate the greatest common factor of 48 and 1984.
16
Calculate the highest common divisor of 920 and 80.
40
Calculate the greatest common divisor of 1059 and 3.
3
What is the highest common divisor of 66 and 29106?
66
Calculate the greatest common factor of 51 and 12.
3
What is the highest common factor of 14 and 1358?
14
What is the greatest common divisor of 21 and 12579?
21
Calculate the highest common divisor of 10757 and 31.
31
Calculate the greatest common divisor of 11 and 209.
11
Calculate the highest common factor of 5 and 1285.
5
What is the highest common divisor of 880 and 160?
80
What is the highest common factor of 398 and 5373?
199
Calculate the greatest common divisor of 133 and 57.
19
What is the highest co